 - 116. What is the tens digit of u?
5
Let k(i) = i**3 + 12*i**2 - 12*i + 8. Let s be k(-13). What is the units digit of -2*(s - (-63)/(-2))?
3
Suppose 0*s + 4 = -s, 4*s + 10 = 2*p. What is the tens digit of (1/p - (-5)/6)*214?
0
Let i(x) = 2*x**2 - 9*x - 2. Let j be i(5). Suppose 3*a + 2*a + 3*v = 167, -j*a = v - 97. What is the tens digit of a?
3
Suppose -6*d + 4*d = 10. Let t(o) = o**3 + 8*o**2 + 5*o - 2. What is the tens digit of t(d)?
4
Let b(p) = 1509*p + 18. What is the units digit of b(1)?
7
Let m be (0*4/(-12))/(-2). Suppose 6*x + 14 + 76 = m. Let h = 64 + x. What is the units digit of h?
9
Suppose -5*u = 4*f - 43, -2*f - 53 = -4*u + f. Let n = 15 - u. What is the units digit of (-35)/(-1 - n) + 2?
9
Let i be (-1*2)/(2/(-67)). Let m(g) = 15*g - 6. Let t be m(-2). Let o = t + i. What is the tens digit of o?
3
Let u = 2790 + -1773. What is the thousands digit of u?
1
Suppose w = -79 + 83. What is the tens digit of ((w/(-6))/(-1))/(17/2499)?
9
Let c be ((-290)/(-15))/((-2)/(-24)). What is the units digit of (-11)/33 - c/(-3)?
7
Let p = 3233 + -2272. What is the units digit of p?
1
Suppose -4*b + 2619 = 5*k, 0 = -5*b + 3*k + 2*k + 3330. What is the tens digit of b?
6
Let f(b) be the third derivative of b**6/120 - b**5/5 - b**4/6 + 7*b**3/6 + 23*b**2. What is the tens digit of f(13)?
2
Suppose -10*d = -35*d + 3100. What is the units digit of d?
4
Let i(n) = -n**3 - 6*n**2 - 6*n - 5. Let t be -10*-1*3/(-6). Let j be i(t). Suppose -2*p + j*p = -46. What is the units digit of p?
3
Let l(p) = 8*p**3 - 7*p**2 + 12*p - 1. What is the tens digit of l(4)?
4
Let s = -2618 - -4935. What is the thousands digit of s?
2
Let b(o) = 18*o - 22. Let y be b(5). Suppose -2*m + 88 = -5*c + 12, -4*c - 2*m - y = 0. What is the tens digit of (c/3)/((-4)/42)?
5
Let h(w) = -56*w - 54. What is the tens digit of h(-7)?
3
Let x(t) = 2*t**3 - 20*t**2 + 4*t + 6. What is the units digit of x(11)?
2
What is the units digit of (-2)/12 - 199712/(-192)?
0
Let i = -20 - -25. Suppose i*w = -5*m + 325, 2*w + 118 + 57 = 3*m. What is the units digit of m?
1
Let p = -18 - -108. What is the units digit of p?
0
Let m(w) = -w**3 - 7*w**2 - 4*w + 3. Let p be m(-4). Let a = -1 - p. Suppose 0 = o - 4*x - 40, x - 7 = -o + a. What is the units digit of o?
6
Suppose 0 = -5*a + 16*a - 10549. What is the tens digit of a?
5
Let g be -2 + (9 - (-6)/(-2)). Suppose 0 = -g*q + 2*q. Suppose 2*p + 3*p - 45 = q. What is the units digit of p?
9
Let m(f) = -f**3 - 22*f**2 - 73*f - 60. What is the tens digit of m(-25)?
4
Let p = -2 + 13. Suppose -p = -3*b + 88. What is the units digit of b?
3
Let r(b) = -b + 18. Let f be r(15). Suppose f*a - 192 - 219 = 0. What is the units digit of a?
7
Let a be 9/(0 - -3) + -8. Let h = -3 - a. Suppose h*c = -0*c + 20. What is the units digit of c?
0
Suppose 4*j - 2307 = -5*t, -5*j - t + 4*t + 2893 = 0. What is the units digit of j?
8
Suppose -23*n + 7688 = -3122. What is the units digit of n?
0
Let y = 333 + 1946. What is the units digit of y?
9
Let t(w) = 15*w**2 - 54*w + 2. What is the hundreds digit of t(-6)?
8
Let g(h) = -13*h + 365. What is the units digit of g(8)?
1
What is the tens digit of ((-3150)/(-12) - -9)/(3/4)?
6
What is the units digit of 30*(-4)/((-4)/3)?
0
Suppose -3*r - 1386 = -10*r. Suppose -5*s = -4*d - 322, -r = -3*s + 5*d - d. What is the tens digit of s?
6
Let t(a) = -5*a**2 + 6*a - 2. Let o be t(4). Let h be 40/50 - o/(-10). Let w = h + 15. What is the tens digit of w?
1
Suppose 0 = -1507*i + 1506*i + 1351. What is the hundreds digit of i?
3
What is the units digit of 6290/40 - (-2)/(-8)?
7
Suppose c + 2*h = -0*c, 0 = -5*c + 4*h. Let q = 11 + c. Suppose 4*u - q - 19 = -5*t, -2*u = t. What is the units digit of t?
0
Suppose 8*t + 2*t = -1880. What is the units digit of 10/(-4)*(-6 + t/10)?
2
Suppose -5*s - 3 = 3*p, 6*s = 5*p + s - 35. Suppose -82 = -5*n + p*v - 29, -14 = -2*n + 4*v. What is the tens digit of n?
1
Let z = -993 - -528. Let y be z/4 + (-3)/(-12). What is the units digit of 2*(-1 - y/8)?
7
Suppose -5*u = -4*b + 2, -u + 19 = 5*b + 2. Let h be (134/(-3))/((-8)/12). Suppose -u*n + 37 = -h. What is the units digit of n?
2
Suppose 0 - 2 = -h. Suppose 0 = 5*v - 4*s - 35, 0*s = h*v - 5*s + 3. Suppose -5*p + v = -19. What is the units digit of p?
6
Let v(l) be the third derivative of l**4/24 + 4*l**3/3 - 6*l**2. Let i = 0 + -3. What is the units digit of v(i)?
5
Suppose 5*i - 262 + 77 = 0. Let u be 81/(-24)*2*(-8)/1. Let l = u - i. What is the tens digit of l?
1
Suppose 0 = -11*z + 9*z - 162. Let d = z + 241. What is the hundreds digit of d?
1
Let z(f) = -25*f + 43. What is the tens digit of z(-20)?
4
Let u(n) = -4*n + 10. Let d be u(-2). Suppose -c + 198 = d. What is the tens digit of c?
8
Suppose -3*q = -4*m + 209, 2*q + 0*q = -2*m + 94. Suppose -12 = -2*j - 3*s + m, 0 = 4*j - 2*s - 124. What is the tens digit of j?
3
Let o be -1*((-27)/36 + 6/8). Suppose -3*m = -5*b + 4*b - 396, o = 3*m + 5*b - 378. What is the hundreds digit of m?
1
Suppose k + 10 = -8. Suppose -2*u + 3*v + 96 = 0, 20 = -3*v - 2*v. Let q = k + u. What is the units digit of q?
4
Let q be 30/((-68)/144 - (-4)/18). Let g = q + 245. What is the tens digit of g?
2
Let u(o) = 4*o**2 - 8*o - 5. Let y be u(6). Let a = 36 - y. What is the units digit of a/(-4) + 6/(-8)?
3
Suppose 0 = 2*h - 45 - 63. Suppose -r + 3 = 6*p - p, -2*r + 2*p + h = 0. Let u = 3 + r. What is the units digit of u?
6
Let h = -33 + 37. Suppose -l = u - 72, h*l + 2*u - 264 = 4*u. What is the units digit of l?
8
Let v be 1/(-4)*(-19 - -7). Suppose 0 = 4*i + r - 609, 2*i - 6*r - 287 = -v*r. What is the hundreds digit of i?
1
Let q = -3492 + 5030. What is the thousands digit of q?
1
Let b = 159 + -91. What is the units digit of (-2)/(-2) + (b - 4)?
5
Let h = 727 + 82. Suppose -h = -4*v + 79. What is the tens digit of v?
2
Suppose 7*v + 83 = 4*v - 5*d, -8 = 2*d. What is the tens digit of v - -93 - (-3 - -1)?
7
Let p = -91 + 147. Suppose m - 2*s = -p, 2*s - 14 = -m - 62. Let d = m + 77. What is the tens digit of d?
2
Suppose -3*f - 9 = -2*f. Let q(y) = -6*y. What is the tens digit of q(f)?
5
Suppose x - 2 = 3. Suppose x*p - 10 = 3*p. Suppose -p*n + 6*n = 15. What is the units digit of n?
5
Let f(z) = z**2 - z + 4. Let d be f(0). Suppose -i - d = -3*i. Suppose t + i*t = 87. What is the tens digit of t?
2
Suppose 3*t + l + 2*l + 18 = 0, -5*l = -2*t + 2. Let z(j) be the first derivative of -2*j**2 - 2*j - 19. What is the units digit of z(t)?
4
Suppose -93 = -4*m + 5*j, 0 = -m + 3*j - 0*j + 18. Suppose 5*r - m = -2. Suppose 22 = -4*x + r*x. What is the units digit of x?
2
Let f(j) = -j**2 - 11*j - 6. Suppose 0 = -i, 2*d + 3*i = -2*i - 10. What is the units digit of f(d)?
4
What is the units digit of (452/(-5))/((-118)/295)?
6
Let a(y) = -30*y + 4. Let w be a(-2). Suppose -555 = -w*s + 61*s. What is the tens digit of s?
8
Let a = -434 - -1220. What is the hundreds digit of a?
7
Suppose -7*t - r = -341 - 3514, -3*r + 565 = t. What is the hundreds digit of t?
5
Let h(t) = 2*t**3 + 60*t**2 - 16*t - 11. What is the tens digit of h(-29)?
3
Let c be -5*(-4)/(16/4). Let m be (-17)/c - 4/(-10). What is the units digit of 20/3 - m/9?
7
Let n(i) = -4*i + 33 + 12*i - 9*i. What is the units digit of n(-16)?
9
Let w(m) = 3 + 8*m + 0 + 2*m. Let r(b) = 5*b + 1. Let z(v) = 5*r(v) - 2*w(v). What is the tens digit of z(3)?
1
What is the tens digit of 1 + ((-322)/(-1) - 0)?
2
Let i be (-4)/(-1*6/9). What is the units digit of 102 + (-18)/i*(1 - 0)?
9
Let g = 1295 + -26. What is the tens digit of g?
6
Suppose 14 = 5*r - 3*c, -r = r + c - 10. Suppose -r*h = -7*h + 6. Suppose 3*f - 66 = 3*p, 3*f + f + h*p = 94. What is the tens digit of f?
2
Let o(m) be the first derivative of m**4/2 - 5*m**3/3 + m**2/2 - 2*m - 1. What is the units digit of o(3)?
0
Suppose 5*g - 2*y - 16 = 0, 2*g = 5*g + 2*y. Suppose g*d - 12 = -4. Suppose 2*p + d*n = 32, p = -p + 3*n + 39. What is the tens digit of p?
1
Let j = -1302 - -2233. What is the hundreds digit of j?
9
Suppose -2*z - 52 = -6*z. Suppose 16*d = z*d + 264. Suppose -5*k - 132 = -4*u - 2*k, 0 = -2*u - 4*k + d. What is the units digit of u?
6
Suppose 0*q + 11 = q - 4*u, 3*q + 4*u - 1 = 0. Suppose q*t - 4*g - 88 = t, 0 = 2*g + 4. What is the units digit of t?
0
Let p = 54 - 47. What is the units d